 3*k**2 - 159*k + 8. Give v(53).
8
Let z(j) = -2*j + 28. Determine z(11).
6
Let r(w) = -3*w - 16. What is r(-5)?
-1
Let m(h) = 56*h + 946. Determine m(-17).
-6
Let v(x) = -3*x**2 + 5*x + 7. Determine v(-3).
-35
Let a(z) = 28*z**3 + 2*z**2 - 2*z - 2. What is a(-1)?
-26
Let u(k) = k - 9. Calculate u(9).
0
Let k(n) = -n**2 - 5*n - 9. What is k(-2)?
-3
Let d(j) = -105*j**2 - 8*j - 8. Give d(-1).
-105
Let x(r) = -r**3 + r**2 + r + 4. Calculate x(0).
4
Let n(k) = k**3 + 4*k**2 - 2*k - 3. Calculate n(-4).
5
Let c(s) = 2*s - 62. Give c(26).
-10
Let b(x) = -2*x**2 + 3*x - 6. Determine b(2).
-8
Let z(g) = g + 1. Determine z(8).
9
Let b(v) = -v**3 + 14*v**2 + 17*v - 23. Give b(15).
7
Let j(c) = -14*c**3 + c**2 - c. Calculate j(1).
-14
Let q(i) = -3*i + 14. Give q(6).
-4
Let a(t) = -9*t - 162. Calculate a(-19).
9
Let c(s) = s**3 - 7*s + 8. Give c(4).
44
Let t(x) = x**3 + x**2 - 26. Calculate t(0).
-26
Let t(r) = r - 5. Determine t(8).
3
Let w(u) = -u**3 + 13*u**2 - 15*u + 22. Give w(12).
-14
Let s(d) = 10*d + 14. Calculate s(6).
74
Let y(g) = 15*g + 39. What is y(-3)?
-6
Let n(z) = z**3 - 16*z**2 - 35*z - 18. What is n(18)?
0
Let a(z) = 4*z**2 + 5*z + 3. Calculate a(3).
54
Let x(i) = 111*i + 1. What is x(1)?
112
Let c(y) = -2*y - 2. Determine c(-11).
20
Let c(k) = -k**2 - 32*k - 11. Calculate c(-31).
20
Let m(s) = -7*s - 31. Calculate m(-5).
4
Let u(n) = -2*n**3 + 14*n**2 + 5*n - 4. Calculate u(8).
-92
Let s(v) = -v**3 - 21*v**2 + 44*v + 30. Calculate s(-23).
76
Let p(q) = -19*q - 97. Calculate p(-9).
74
Let r(p) = p**3 - 6*p**2 + 4*p + 3. What is r(5)?
-2
Let u(b) = b**2 + 3*b - 91. Calculate u(-11).
-3
Let y(b) = b**3 - 17*b**2 + 15*b - 32. What is y(17)?
223
Let z(k) = -k**2 - 14*k - 25. Calculate z(-16).
-57
Let v(c) = 3*c**2 + 7*c + 2. Calculate v(-2).
0
Let i(o) = o**3 + o**2 - o + 3. Determine i(3).
36
Let i(j) = -j + 36. What is i(20)?
16
Let v(k) = -k**2 + 12*k - 20. Calculate v(14).
-48
Let g(y) = -y**2 + 12*y + 5. Give g(12).
5
Let j(p) = -9*p**2 - p + 2. Determine j(2).
-36
Let m(y) = 7*y**2 - 13*y + 1. Give m(2).
3
Let b(q) = 6*q - 4. Calculate b(4).
20
Let m(o) = -o**3 - 7*o**2 - 9*o + 3. Calculate m(-5).
-2
Let f(i) = 5*i**3 + 2*i - 3. Determine f(1).
4
Let f(q) = 92*q**2 + 3*q - 1. What is f(1)?
94
Let b(u) = -10*u - 57. Calculate b(-8).
23
Let r(k) = -k**2 + 11*k - 15. Calculate r(10).
-5
Let d(i) = 7*i**2 - 2*i + 1. Determine d(4).
105
Let o(h) = 2*h**2 + 31*h - 3. Give o(-3).
-78
Let i(k) = -3*k**3. What is i(2)?
-24
Let q(f) = -17*f - 4. Determine q(-3).
47
Let b(r) = -25*r**3 + r**2 + 3*r + 2. What is b(-1)?
25
Let s(g) = g**3 + 7*g**2 + 6*g - 10. Determine s(-6).
-10
Let a(b) = b**3 + 6*b**2 - b + 36. What is a(-7)?
-6
Let j(m) = -8*m - 128. Give j(-28).
96
Let x(p) = -2*p + 18. Determine x(16).
-14
Let m(k) = 3*k - 14. Calculate m(3).
-5
Let s(l) = -l**3 + 9*l**2 + 7*l + 9. Give s(10).
-21
Let h(b) = -b**2 + b + 65. Determine h(0).
65
Let s(k) = k**3 - 8*k**2 - 5*k - 19. Calculate s(9).
17
Let n(u) = -2*u**2 + 5*u + 1. Give n(4).
-11
Let k(z) = z**3 + 16*z**2 - z - 10. Calculate k(-16).
6
Let z(s) = s**2 - 10*s. What is z(7)?
-21
Let r(c) = -c**3 + 26*c**2 + 90*c - 94. Determine r(29).
-7
Let t(h) = -4*h + 4. What is t(8)?
-28
Let l(d) = d**3 - 43*d**2 + 458*d - 38. Calculate l(24).
10
Let j(l) = 28*l + 116. Give j(-4).
4
Let o(u) = 2*u**2 - 3*u. Give o(0).
0
Let g(n) = -11*n - 80. Calculate g(-8).
8
Let w(g) = g**3 + 51*g**2 - 4*g - 202. Calculate w(-51).
2
Let t(v) = v**3 + 6*v**2 + 5*v + 1. Give t(-5).
1
Let l(f) = 3*f**2 - 24*f - 19. Calculate l(9).
8
Let n(s) = -s**2 + 4. Give n(-5).
-21
Let j(y) = 10*y**3 - 5*y**2 - 10*y - 4. What is j(-2)?
-84
Let r(n) = -143*n + 716. Calculate r(5).
1
Let c(w) = -w**3 + 2*w**2 + 3*w - 5. What is c(2)?
1
Let z(x) = 5*x + 3. Determine z(6).
33
Let g(f) = -f**2 - 10*f + 11. Calculate g(-11).
0
Let v(r) = r - 7. Calculate v(7).
0
Let i(n) = n**3 - 79*n**2 + 300*n - 6. What is i(75)?
-6
Let z(c) = c**3 + c**2 - 3*c + 8. Give z(0).
8
Let y(x) = -5*x - 28. Give y(-14).
42
Let w(u) = -16*u - 162. Calculate w(-10).
-2
Let j(a) = 4*a - 29. Determine j(6).
-5
Let s(t) = 2*t**2 - 36*t - 4. Determine s(18).
-4
Let p(z) = 4*z + 32. Give p(-10).
-8
Let f(b) = -b**2 - 6*b + 9. What is f(-4)?
17
Let s(v) = -4*v - 8. Give s(-3).
4
Let u(o) = -o**2 + 14*o + 114. What is u(20)?
-6
Let l(t) = -20*t**2 + t. Give l(-1).
-21
Let m(b) = 2*b**2 - b + 1. What is m(-2)?
11
Let k(a) = -4*a - 9. What is k(-8)?
23
Let k(u) = -2*u**2 - 46*u - 9. Calculate k(-20).
111
Let l(a) = -16*a + 36. Determine l(-9).
180
Let m(z) = -z**2 - 6*z - 7. What is m(-6)?
-7
Let a(q) = q**2 - 21*q + 34. Calculate a(19).
-4
Let u(x) = -6*x - 20. Determine u(-4).
4
Let r(c) = -c**3 - 5*c**2 - 2*c + 1. Give r(-4).
-7
Let j(i) = 2*i + 6. Calculate j(-11).
-16
Let q(a) = -2*a**2 + 2*a + 7. What is q(4)?
-17
Let h(q) = -q**3 - 11*q**2 + 3*q + 8. Give h(-11).
-25
Let h(n) = -4*n**2 - 2. What is h(0)?
-2
Let k(z) = 3*z - 15. Determine k(8).
9
Let h(q) = -q**3 + 8*q**2 - 16*q + 26. Calculate h(6).
2
Let y(z) = -z**3 - 10*z**2 + 10. Calculate y(-5).
-115
Let i(c) = -47*c**2 - 12*c - 12. Calculate i(-1).
-47
Let y(r) = 9*r - 6. What is y(11)?
93
Let z(c) = -2*c + 8. Give z(7).
-6
Let a(n) = n**3 + 3*n**2 + 8. Calculate a(-6).
-100
Let q(k) = 3*k + 12. Determine q(-8).
-12
Let d(m) = m**3 + 4*m**2 - 12*m - 12. Give d(-5).
23
Let y(w) = -w**2 - 5*w + 124. Give y(-14).
-2
Let s(q) = 46*q + 280. Determine s(-6).
4
Let y(s) = s**2 - 6*s + 1. Give y(3).
-8
Let l(c) = -6*c + 8. Determine l(3).
-10
Let t(a) = -10*a + 87. What is t(8)?
7
Let l(j) = 24*j - 1. What is l(-1)?
-25
Let p(f) = 40*f - 563. Determine p(14).
-3
Let l(q) = -q**3 - 6*q**2 - q + 2. Calculate l(-6).
8
Let r(f) = f**2 - f - 4. Calculate r(3).
2
Let y(z) = -z**3 - 6*z**2 - 8*z - 7. Determine y(-5).
8
Let d(m) = -2*m**3 - 13*m**2 - 12*m - 3. Determine d(-6).
33
Let z(x) = -30*x**2 - 1. Give z(-1).
-31
Let t(j) = 5*j**2 - 21*j + 10. Determine t(4).
6
Let d(l) = 8*l - 66. Calculate d(7).
-10
Let s(g) = -10*g + 101. What is s(10)?
1
Let k(o) = -3*o**2 + 10*o - 7. Determine k(3).
-4
Let h(u) = u + 6. Determine h(-5).
1
Let g(d) = 2*d**3 + 31*d**2 + 16*d + 10. Calculate g(-15).
-5
Let h(p) = -3*p - 16. Calculate h(-6).
2
Let m(b) = -b**2 + 17*b - 23. Give m(13).
29
Let m(d) = -16*d**2 + d. Determine m(1).
-15
Let i(u) = -u**3 + 7*u**2 - 13*u. What is i(6)?
-42
Let c(x) = 36*x - 4. Give c(2).
68
Let b(s) = -11*s - 18. What is b(-4)?
26
Let n(i) = 2*i - 59. Determine n(14).
-31
Let s(q) = -4*q + 5. Determine s(10).
-35
Let s(z) = z**2 - 11*z - 131. Give s(-7).
-5
Let a(u) = -u + 23. Determine a(18).
5
Let s(v) = -3*v**2. Give s(1).
-3
Let h(l) = l**2 - 21*l - 25. Determine h(22).
-3
Let f(i) = -10*i + 120. Give f(22).
-100
Let m(y) = y**3 - 18*y**2 + 18*y - 17. Calculate m(17).
0
Let n(f) = f**2 + 13*f - 11. What is n(-14)?
3
Let x(n) = n**2 + 23*n - 2. Give x(-23).
-2
Let j(q) = 6*q - 23. Give j(8).
25
Let y(w) = -5*w + 41. Calculate y(6).
11
Let s(t) = 6*t**3 - 139*t**2 + 24*t - 25. Give s(23).
-2
Let x(o) = 4*o**3 + 16*o**2 - 2*o - 3. Calculate x(-4).
5
Let g(j) = j**2 - 13*j - 10. What is g(14)?
4
Let t(b) = -11*b - 185. Calculate t(-14).
-31
Let k(x) = 10*x + 8. Give k(2).
28
Let o(m) = 3*m - 124. Determine o(43).
5
Let y(a) = 9*a**2 + 3*a + 3. Determine y(-1).
9
Let a(q) = -q + 24. What is a(-4)?
28
Let x(p) = -p**3 + 14*p**2 - 14*p + 9. Determine x(13).
-4
Let q(h) = -h + 8. Calculate q(-5).
13
Let s(p) = -p**3 + 11*p**2 + 28*p - 32. Calculate s(13).
-6
Let r(o) = 2*o - 63. Determine r(35).
7
Let w(b) = 5*b + 86. Calculate w(-18).
-4
Let t(w) = -w**3 + w + 1. What is t(0)?
1
Let r(q) = 100*q**2 - 4*q + 5. Determine r(1).
101
Let m(i) = 2*i**3 - 2*i**2 - 4*i - 5. Determine m(-2).
-21
Let x(p) = -2*p**2 + 4*p + 2. Give x(5).
-28
Let q(b) = -3*b. Calculate q(6).
-18
Let n(k) = k**2 - 14*k - 44. Determine n(17).
7
Let o(z) = -z**3 + 5*z**2 - 4*z - 7. Give o(5).
-27
Let p(k) = -9*k**2 - 17*k - 15. Give p(-1).
-7
Let g(w) = -7*w - 107. Give g(-6).
-65
Let k(n) = -n**3 + 6*n**2 - 11*n + 70. Calculate k(6).
4
Let w(l) = -l**2 - 8*l - 24. Give w(-10).
-44
Let a(g) = g**2 + g + 2. What is a(3)?
14
Let a(k) = -k**3 - 14*k**2 - 22*k - 14. Calculate a(-12).
-38
Let c(k) = 5*k + 20. Calculate c(-11).
-3